= 95*u**2 - 134*u + 322. Is g(41) a composite number?
False
Let b be (7 - (-104)/(-16))*-34572. Is 5/50*5*10 - b a prime number?
True
Suppose -x = 101 + 937. Let u = 2153 + x. Is u prime?
False
Let t(p) = -39 + 19 + 51 + 243*p. Let y be (-38)/(-10) - 2/(-10). Is t(y) composite?
True
Is 1428857/3 + (-3 - 147/(-63)) a prime number?
False
Let x(n) = -291*n**3 + n**2 + 3*n + 4. Let j be x(3). Let m = 11884 + j. Is m composite?
False
Is 2/((4 - (-24276424)/(-6069108))/(34/102)) a composite number?
False
Suppose -c + 70 = 23. Suppose -60 = c*z - 45*z. Is 885/z*28/(-2) a composite number?
True
Let y(g) be the first derivative of 7*g**3/3 + 15*g**2/2 - 7*g + 7. Let p be y(-6). Is p + (2 - 2) + 2 composite?
False
Let s be 3*-1 + 18 + -11. Suppose 0 = s*p - 2*p. Is 2 + 526 - (p - -1) a composite number?
True
Let y = 465 + -461. Suppose 3*f + 36 + 1686 = 3*u, 0 = -4*u - y*f + 2288. Is u a prime number?
False
Suppose 7*r - 12*r - 5*f + 32650 = 0, 5*f + 32630 = 5*r. Suppose -t + r = -5669. Is t composite?
False
Let n be (-12)/(-9)*(14 - 5)/3. Suppose -22154 = -2*y - n*x, -3*y - 4*x + 33204 = -7*x. Is y prime?
True
Let x be 1/(-4) - (33/12)/(-11). Suppose 3*m - 15295 + 5068 = x. Is m a composite number?
True
Suppose -22*r = 4*r - 14256892. Is r a composite number?
True
Let k = -285 - -290. Suppose 25890 + 8845 = k*n. Is n prime?
True
Suppose -466071 = -4*w + 5*h, 5*w - 4*w - 5*h = 116514. Is w a prime number?
False
Suppose 6 = -2*q, -2*q = 4*k - 3*k + 7. Let l(i) = -31546*i**3 + 2*i + 3. Is l(k) a composite number?
False
Suppose -64*m + 31485763 + 19200139 = 70*m. Is m a prime number?
True
Let n(t) = t**3 - 8*t**2 + t + 45. Let q be n(8). Suppose -41*w + q*w = 48996. Is w a prime number?
False
Suppose 4*r + r + f - 24965425 = 0, 2*r - 9986170 = -2*f. Is r composite?
True
Suppose -b = 3*w - 4*b - 164874, -w - 3*b = -54938. Is w a composite number?
True
Let j be 0 + 5/(15/12). Suppose 0 = -12*y + j*y + 16424. Is y a composite number?
False
Is (2/5)/((-984)/(-10512195))*76 prime?
False
Let o be -30*((-7)/6 - -1). Suppose -331 = o*v - 1346. Is v prime?
False
Let b = 1395 - -3652. Let w = b + -510. Suppose 0 = -2*p + y + w + 752, -5*y = 5*p - 13200. Is p composite?
True
Let c = 97 - -55. Is 6/(-8) + 356098/c composite?
True
Is (-342911*((-30)/(-12) - 3))/((-21)/(-42)) a prime number?
False
Let r(n) = -5 - 6*n**2 - n**3 - 7 - 7*n + 6. Let m be r(-5). Is 1/(m + (-4215)/1055) a composite number?
False
Let w = -23266 + 37490. Suppose w = 3*m + m. Suppose 2501 = 3*v - m. Is v composite?
True
Suppose -1463316 = -3*g + 3*k, 4*k + 693 - 689 = 0. Is g prime?
False
Suppose 5700*v + 158919 = 5703*v. Is v a prime number?
True
Let v be 1/6 - (-657)/(-54). Is (-1 + v/(-4))/((-6)/(-7071)) composite?
False
Suppose -s + 27*s + 22*s - 24210384 = 0. Is s a composite number?
True
Let q(g) be the second derivative of 121*g**3/6 + g**2/2 + 19*g. Let l be q(4). Suppose 0 = -5*u + 2395 - l. Is u a prime number?
False
Suppose 134*n = 127*n + 49483. Is n prime?
True
Is (-46)/(-6)*(4557 - -180) a prime number?
False
Let t(a) = -3193*a - 37. Is t(-6) prime?
True
Is 39*(0 - (-5)/6)*(-2348564)/(-970) composite?
True
Let g(s) = -3*s - 68. Let x be g(-24). Suppose -16 = -4*z - x. Suppose -z*i + 4*l = -6267 - 1474, -5*l + 25 = 0. Is i a composite number?
True
Suppose 5 = -4*r + 5*g, -10*g = -5*g + 15. Let t = 0 - 0. Is 887/(-5)*(r - t) composite?
False
Is 85/119*21 + 77906 prime?
False
Let s = 30 + -8. Suppose 0 = -i + 4*k + s, -2 = 2*i + k - 1. Suppose -3*h + i*h + 179 = 0. Is h composite?
False
Let z(i) = -2*i + 28. Let p be z(13). Let l(o) = -101*o + 1 + p - 101*o - 2. Is l(-1) a composite number?
True
Let s(j) = 144*j + 124. Let r(q) = 48*q + 41. Let w(o) = -7*r(o) + 2*s(o). Let m be -30*((-40)/(-6) + -6). Is w(m) composite?
True
Suppose 18*a - 1013908 = 699170. Is a composite?
True
Let o(z) = -3*z**3 - 31*z**2 - 4*z - 1. Let u(i) = -7*i**3 - 63*i**2 - 7*i - 1. Let d(q) = -5*o(q) + 2*u(q). Is d(-22) composite?
False
Suppose 3*j + 2*u - 35070 = 8*j, 4*j = 5*u - 28073. Let s = j - -14011. Is s a composite number?
True
Let a(q) = 253*q**2 - 1972*q - 70. Is a(-39) a prime number?
False
Let y be (-22 + -101)*(-2)/6. Suppose y*d = 36*d - 445. Let f = d + 110. Is f a prime number?
False
Let p(z) = 5*z**2 - 68*z + 530. Is p(57) prime?
True
Suppose -90 + 12 = -26*o. Suppose 30*w = o*w + 1003401. Is w prime?
False
Let z(p) = 1 + 602*p**2 + 1251*p**2 - 9*p + 3*p - 4*p. Is z(4) a composite number?
True
Suppose -2*h + 4*a + 97710 = 0, 2*h - 5*a - 48281 - 49433 = 0. Is h composite?
False
Suppose s - 7725 = 4*h + 6716, 4*s - 4*h - 57752 = 0. Is s prime?
True
Let j(p) = p**2 + 5*p - 11. Let d be j(-7). Is (-264405)/(-120) - d/8 a prime number?
True
Suppose 3*f - 3*v = 51, -4*f = 5*v - 25 - 25. Suppose -3 = 2*a - p, -3*a + 0*p = 2*p + f. Let m(n) = -19*n**3 - n**2 - 2*n - 1. Is m(a) a prime number?
True
Is ((-312024)/2)/(-12) + (-4 + 0)/1 a composite number?
True
Is 2672332/65 + 9/45 composite?
False
Suppose 7*m + 537 = 509. Is (-304)/(-76)*(-9967)/m a composite number?
False
Let n(o) = 344*o**3 - 41*o**2 + 216*o - 21. Is n(8) composite?
False
Let i be 300/(-21) + 2/7. Suppose 134*a - 119*a + 3015 = 0. Let u = i - a. Is u a composite number?
True
Suppose -314*d + 45602606 - 12000524 = 0. Is d composite?
True
Suppose -2*p = -5*n - 0*p + 33, -p = 2*n - 6. Suppose 3*c - 30 = -3*v, 2*c = 4*v - 3*c + n. Suppose 0 = -v*l - 0*l - 5*k + 5815, -5*l + 4*k = -5815. Is l prime?
True
Suppose -5*d + 4*m - 30 = 0, -4*d - 14 = -m - 1. Is 6 + 485 + 2 + d a prime number?
True
Let c = -2192 - -2045. Let k(a) = 49*a + 5. Let u be k(-6). Let x = c - u. Is x a composite number?
True
Let z = 11090 - 6058. Suppose 5*y = 4*l - z, 2522 = 2*l - 2*y - 2*y. Is 11 + l - (1 + -5 - -1) composite?
True
Let f = 199 - 197. Suppose -2*c - 3*c - o + 64957 = 0, -f*o = c - 12995. Is c prime?
False
Suppose 0*j + 5*j = 19*j - 166922. Is j a prime number?
True
Let z(u) = u**2 - 2*u - 16. Suppose -7 = s - 2*t, 3*s - 2*t = -3 - 2. Let g be -4 - ((-9)/s - 2). Is z(g) a prime number?
True
Let m = -83 + 93. Suppose 0 = -j - m + 53. Suppose 0 = j*c - 42*c - 157. Is c prime?
True
Let u(y) = -y - 19. Let t(r) = r**3 - 11*r**2 + 7*r + 9. Let o be t(10). Let x be u(o). Suppose 9*j - x*j = 18263. Is j prime?
True
Let j be (-33)/(-9) - 2/3. Let l be -10 - 14 - (j - 2). Is (-3 + l/(-10))*-170 a composite number?
True
Let q(i) = 102*i**2 - 1202*i + 38. Is q(39) prime?
False
Let q be 374/18 - (-32)/144. Suppose 0 = -q*r + 4510 + 4163. Is r composite?
True
Let y = 414103 - 248960. Is y composite?
True
Let h(f) = 3355*f - 418. Let x(g) = 23*g - 225. Let m be x(10). Is h(m) prime?
False
Is 1 + 80*(-1281)/(-14) prime?
True
Let t be (12/(-10) + 0)/((-546)/2259075) + 5. Let n(u) = -109*u**2 - 2*u + 3. Let l be n(4). Let p = t + l. Is p prime?
True
Suppose 310*s - 328*s = -4394502. Is s a composite number?
True
Is 2/(8 + (-17324976)/1999044 - 4/(-6)) a composite number?
False
Suppose -29079 - 78314 + 21643 = -7*o. Suppose -4*u = v + 3*v - 27800, -12 = 4*u. Let b = o - v. Is b composite?
False
Suppose 0 = -4*y - 5*j + 1348074 - 6314, 5*y = 3*j + 1677200. Suppose -83636 = -36*k + y. Is k prime?
False
Let o(k) = k**3 + 4*k**2 - 94*k + 629491. Is o(0) a prime number?
True
Let d(o) = -22*o**2 - 11*o - 22. Let a be d(8). Let q = a + 2389. Is q composite?
True
Is 12 + -15 + (0 - 471318)*(-3)/9 a prime number?
True
Let n(p) = 15 - 7*p - 214*p - 85*p + 26*p. Let w be n(4). Let a = 532 - w. Is a prime?
True
Let w = 179 + -189. Let a(z) = -1419*z + 329. Is a(w) a prime number?
True
Suppose 3*r = 7*r - 5*o - 13, 5*r + 5*o - 5 = 0. Suppose 4*x = -5*k + 6396 + 5607, 15045 = 5*x - r*k. Is x composite?
True
Let g = -382794 + 651811. Is g a composite number?
True
Suppose 2*a = -2*a, 5*a + 36 = 2*t. Let v(k) = -10 + 217*k + 19 - 26 + 14*k - 50. Is v(t) composite?
False
Let m(p) = -6806*p + 65. Is m(-7) composite?
True
Is (-13165160)/(-60) + (26/(-6) - -4) composite?
True
Let u = 284 - 233. Suppose 12*y + 82641 = u*y. Is y a composite number?
True
Let l = 197837 + -125168. Is l a composite number?
True
Is (0/3 - -205293) + (-21)/(420/40) prime?
False
Let q be ((-6)/(4 - 1))/((-6)/12). Suppose -5*c - 14786 = 2*l - q*l, 0 = -5*c. Is l a prime number?
True
Suppose 11*u - 25783 - 6139 = 